umber?
True
Is 500629021 prime?
True
Is 12925357 prime?
False
Is 5141531 a prime number?
False
Is 2818289 composite?
True
Is 122443511 a prime number?
False
Is 956347 composite?
True
Is 9183011 composite?
False
Is 350802271 a prime number?
True
Is 94414 prime?
False
Is 10399991 prime?
False
Is 1590374 a prime number?
False
Is 2368279 a prime number?
False
Is 18778909 a composite number?
True
Is 1230941 prime?
True
Is 1634843 prime?
False
Is 61658221 a prime number?
False
Is 1475953 a composite number?
False
Is 820824533 a composite number?
True
Is 893374979 composite?
True
Is 355873745 composite?
True
Is 54770917 a prime number?
True
Is 114889367 composite?
True
Is 23786461 a composite number?
True
Is 661721 composite?
False
Is 1142473 composite?
False
Is 441682 composite?
True
Is 56565169 a prime number?
True
Is 4982917 prime?
False
Is 139038299 a composite number?
True
Is 33157567 a prime number?
True
Is 372263 a composite number?
False
Is 361862557 a prime number?
False
Is 1850507039 a composite number?
False
Is 16686191 a prime number?
True
Is 3557471 prime?
False
Is 4582967 composite?
False
Is 2211959 a composite number?
True
Is 388704227 prime?
True
Is 21123793 prime?
False
Is 5968861 composite?
True
Is 3668837 composite?
False
Is 711675637 a prime number?
False
Is 22638827 a composite number?
False
Is 168887 a composite number?
False
Is 379852157 composite?
False
Is 2201923 a composite number?
True
Is 7498951 prime?
False
Is 1004209 a composite number?
False
Is 12204497 a composite number?
False
Is 7716673 a prime number?
True
Is 34277849 prime?
False
Is 648979657 composite?
False
Is 2743583 a composite number?
True
Is 2602807 a prime number?
False
Is 2336897 a prime number?
True
Is 31444303 prime?
False
Is 4816883 a composite number?
False
Is 2082973 prime?
True
Is 44700671 composite?
True
Is 8458349 a composite number?
True
Is 1391951 composite?
True
Is 698190421 composite?
False
Is 80459089 prime?
True
Is 6395531 prime?
True
Is 1068283 composite?
True
Is 3034133 composite?
False
Is 57883681 a prime number?
False
Is 4297691 composite?
True
Is 2569529 a prime number?
True
Is 3773481 a prime number?
False
Is 36361363 a prime number?
True
Is 136986191 prime?
True
Is 842311 prime?
True
Is 315458413 prime?
True
Is 5758811 a prime number?
True
Is 53386859 a composite number?
False
Is 37623011 composite?
True
Is 58973053 a prime number?
False
Is 8589307 a prime number?
False
Is 25386541 prime?
True
Is 5369713 a composite number?
False
Is 2157577 a composite number?
True
Is 212900837 a composite number?
True
Is 20381789 a prime number?
True
Is 3240841 a prime number?
True
Is 138965773 a prime number?
True
Is 48811877 a prime number?
True
Is 6518873 a prime number?
True
Is 79338353 prime?
True
Is 51536635 composite?
True
Is 9217699 a prime number?
False
Is 2588257 a prime number?
False
Is 1928749 composite?
True
Is 1200655553 prime?
True
Is 10094113 a prime number?
False
Is 1597901 a prime number?
False
Is 20312779 prime?
True
Is 649032677 prime?
True
Is 9228682 prime?
False
Is 24221877 composite?
True
Is 11902461 composite?
True
Is 162263573 prime?
True
Is 32071189 a composite number?
False
Is 2049919 composite?
False
Is 61390673 prime?
True
Is 63252829 a prime number?
False
Is 757039 a prime number?
True
Is 14282423 composite?
True
Is 177197027 composite?
True
Is 29939807 composite?
False
Is 24620861 a prime number?
True
Is 9414479 composite?
False
Is 2422363 a prime number?
False
Is 91771 prime?
True
Is 14251769 a prime number?
False
Is 35558366 a prime number?
False
Is 305897 a composite number?
True
Is 37621561 prime?
False
Is 41996161 prime?
True
Is 14912453 a composite number?
False
Is 1755563 prime?
True
Is 1250047 a prime number?
False
Is 48493859 a composite number?
True
Is 166231673 composite?
True
Is 59606513 prime?
False
Is 12889453 a composite number?
True
Is 3453613 prime?
False
Is 2591609 composite?
False
Is 13875781 a composite number?
True
Is 27470167 a prime number?
True
Is 125605123 composite?
True
Is 109216865 prime?
False
Is 19654786 composite?
True
Is 896263 a prime number?
True
Is 3755239 a prime number?
False
Is 242405509 a prime number?
False
Is 401702201 a composite number?
False
Is 853999 a prime number?
True
Is 24310651 a composite number?
False
Is 16716401 prime?
False
Is 94759667 composite?
True
Is 44417 a prime number?
True
Is 1322089 prime?
True
Is 3491651 prime?
True
Is 1683971 composite?
False
Is 9641383 a prime number?
True
Is 6659893 a prime number?
True
Is 4130111 composite?
False
Is 630701 a composite number?
False
Is 125243281 prime?
False
Is 2753693 a prime number?
True
Is 208079281 composite?
False
Is 369473551 composite?
False
Is 183377489 prime?
True
Is 51702199 prime?
True
Is 112225031 a prime number?
True
Is 385532737 a prime number?
False
Is 3768617 prime?
True
Is 70902739 composite?
False
Is 439619231 a composite number?
False
Is 1099687 prime?
True
Is 733104331 a prime number?
True
Is 3945607 composite?
False
Is 5231771 a prime number?
False
Is 2331041 composite?
False
Is 113018 composite?
True
Is 128519023 prime?
True
Is 25063211 a composite number?
True
Is 107242357 a composite number?
False
Is 357559 a prime number?
True
Is 29951422 composite?
True
Is 22386157 composite?
False
Is 526483 a prime number?
True
Is 188827 composite?
False
Is 3881083 prime?
False
Is 7219733 a prime number?
False
Is 48142949 prime?
True
Is 364508449 a prime number?
False
Is 432030803 prime?
True
Is 65377451 composite?
False
Is 4241459 a prime number?
True
Is 174347 a prime number?
True
Is 43955411 prime?
True
Is 79933093 a prime number?
False
Is 50408041 a composite number?
True
Is 6676165 a prime number?
False
Is 104859022 a prime number?
False
Is 43308373 composite?
False
Is 8081147 composite?
True
Is 117407263 prime?
True
Is 38971463 composite?
True
Is 20606711 a prime number?
True
Is 41851253 composite?
False
Is 164678 composite?
True
Is 1819937 prime?
False
Is 107086191 a composite number?
True
Is 99982367 a composite number?
False
Is 151205 prime?
False
Is 236649527 prime?
True
Is 183639809 a prime number?
True
Is 323696903 composite?
False
Is 10833659 composite?
False
Is 530439659 a composite number?
True
Is 1454263 a composite number?
True
Is 84259843 prime?
True
Is 179435341 prime?
True
Is 13303579 a composite number?
False
Is 15226183 a prime number?
False
Is 44458273 composite?
False
Is 11522137 prime?
False
Is 5322389 a prime number?
True
Is 1426147 prime?
False
Is 147030311 composite?
False
Is 2360077 a composite number?
True
Is 198861739 prime?
False
Is 5212303 a composite number?
False
Is 30889405 a prime number?
False
Is 587133799 a prime number?
False
Is 607787 composite?
True
Is 27278479 a prime number?
False
Is 93047 prime?
True
Is 216837571 a prime number?
True
Is 1657373083 prime?
True
Is 605783161 prime?
True
Is 35224829 composite?
True
Is 595801 a prime number?
True
Is 4531607 prime?
False
Is 3371059 composite?
False
Is 44071 composite?
False
Is 3528923 a composite number?
True
Is 9686497 composite?
False
Is 100529243 a composite number?
False
Is 2352337 a composite number?
True
Is 1017781 composite?
False
Is 1654561 composite?
False
Is 7906841 a composite number?
False
Is 90585281 prime?
False
Is 11896195 a composite number?
True
Is 788699 composite?
True
Is 11064191 composite?
False
Is 7869577 a composite number?
False
Is 33570809 prime?
True
Is 13403023 a prime number?
False
Is 55163033 prime?
True
Is 62593 composite?
True
Is 20598251 a prime number?
False
Is 4310629 prime?
True
Is 6216277 a composite number?
False
Is 7877577 a prime number?
False
Is 3698533 a composite number?
True
Is 1240153 a composite number?
False
Is 9830377 prime?
True
Is 7369717 a prime number?
False
Is 287191 a composite number?
False
Is 667981 composite?
True
Is 4796279 a prime number?
True
Is 138284891 a prime number?
True
Is 2998404515 a prime number?
False
Is 20998511 composite?
False
Is 11791 a prime number?
False
Is 8445751 a composite number?
False
Is 907291427 composite?
True
Is 265319 prime?
False
Is 21070337 prime?
True
Is 313099327 a composite number?
False
Is 7488307 prime?
True
Is 952274 a composite number?
True
Is 649794127 a composite number?
False
Is 23493143 a prime number?
False
Is 704479979 a